))/(5/490). Let c = l + 69. Calculate the greatest common factor of c and m.
5
Suppose -26*f = -2068 - 2560. What is the greatest common factor of f and 8?
2
Let d = 646 + -392. Suppose 2*z + d = 4*s, 5*s - 8*s = 3*z - 195. Calculate the greatest common factor of s and 512.
64
Suppose -5*p + 19 + 6 = 0, -4*p + 8 = 2*v. Let k be 93 + 0 - (-8 + 0 - v). Calculate the highest common divisor of k and 38.
19
Suppose 9*x - 4*i = 721, -60*x + 63 = -59*x + 2*i. What is the greatest common divisor of x and 979?
11
Let o = 379 + -357. Suppose 4*q = 2*b - 4*b - 18, -6 = -3*b + 5*q. Let m be 2 + 196 + -3 - b. Calculate the greatest common divisor of m and o.
22
Let t(f) = 95*f + 690. Let s be t(16). Calculate the greatest common factor of s and 340.
170
Suppose 4*c + 14*c - 3*c = 4275. Calculate the highest common factor of c and 120.
15
Suppose 32790 = 193*v - 90730. What is the greatest common divisor of 180 and v?
20
Let o = -6150 + 6152. What is the greatest common factor of o and 2244?
2
Suppose 1145 = -3*t - 5*v, -t = -2*t - 3*v - 375. Let n = -358 - t. Let u(k) = -k - 2. Let j be u(-6). What is the greatest common divisor of n and j?
4
Suppose 17 = 2*d + 3. Let b(u) = 223*u - 815. Let g be b(4). Calculate the highest common divisor of g and d.
7
Let x(y) = 3*y**2 + 3*y - 3. Let r be x(-5). Suppose 4389 = 380*h + 969. Calculate the highest common divisor of r and h.
3
Suppose -3*b + b + 22 = 0. Suppose 0 = 5*i - 20, x - 52 = 5*i - 17. Suppose -68*z + x*z = -1144. What is the greatest common factor of b and z?
11
Let o(l) be the second derivative of 44*l - 11/2*l**2 + 0 - 1/3*l**3 - 1/20*l**5 + 7/12*l**4. Let g be o(4). What is the highest common divisor of g and 29?
29
Let h(n) = 8*n - 60. Let t be h(8). Suppose -t*w - 5*y = -201 - 110, 227 = 3*w + 5*y. What is the highest common factor of 132 and w?
12
Suppose -23*u - 5 - 286 + 3511 = 0. What is the highest common divisor of 640 and u?
20
Suppose -13*t + 58 = 552. Let q be 48/((-4)/(-2))*t/(-57). What is the greatest common factor of q and 496?
16
Let o be 7/(1/(7/(-42)) + 7) - 0. Let p = 13 + -6. Calculate the highest common divisor of p and o.
7
Suppose 969032 - 66409 + 1243493 = 203*k. Calculate the greatest common divisor of 24 and k.
12
Let m = -10464 - -10572. What is the highest common divisor of m and 2400?
12
Suppose -5*p - 4*f + 328 = 0, 40 + 18 = p - 3*f. Suppose p*r = 68*r - 440. Suppose 0 = j - r + 99. Calculate the highest common divisor of 121 and j.
11
Let w = 200 - 1. Let f = w + -143. Calculate the highest common divisor of f and 504.
56
Suppose g + 225 = 46*g - 89415. What is the highest common divisor of g and 744?
24
Suppose 15*v + 171 = 27*v - 3*v. What is the greatest common divisor of 24301 and v?
19
Let k(i) = -3*i + 2. Let b = -30 - -33. Suppose 10 + 5 = -b*t. Let f be k(t). Calculate the highest common divisor of 17 and f.
17
Let y = 36843 + -33420. What is the greatest common divisor of 21 and y?
21
Suppose 0*n - 4*n - 20 = 0. Let d be 120/2 - (-8 - n). Suppose -2*h + 5*w + 4 = 0, h - 2*w = 3 - 0. What is the highest common divisor of d and h?
7
Let t(n) = 84*n**2 - 17*n + 55. Let h be t(3). Suppose -3*s + 6*a + 459 = 4*a, 5*s = 5*a + h. Calculate the highest common factor of s and 10.
5
Suppose -16*g + 2*x = -12*g - 30, -4*g + 4*x + 32 = 0. What is the highest common factor of 707 and g?
7
Suppose -32422 = 54*c - 28*c. Let w be c/(-5) - (-9)/15. Calculate the greatest common divisor of w and 10.
10
Suppose -4*j - 4*o = j - 39, 3*j + 3*o = 24. Let a(c) = -2*c**2 - 8*c + 7. Let w be a(-4). Calculate the highest common factor of j and w.
7
Let i(a) = a**3 - 16*a**2 - 28*a - 37. Let g be i(15). Let t = -604 - g. What is the highest common divisor of t and 130?
26
Let c = 13274 - 13223. What is the highest common divisor of c and 5423?
17
Let v = -231 + 230. Let k be 13/52*(v + 125). Calculate the highest common factor of 93 and k.
31
Let x be -1 + -4 - (-12 - -1 - -578). Let g be x/(-6) - 8/(-12). What is the highest common divisor of 72 and g?
24
Let t be (8/(-26))/(136/(-27404)). Suppose -3*r + 1668 = -2*g, 0 = -5*r - 5*g - 46 + 2851. What is the greatest common divisor of t and r?
62
Let w(c) = -c**3 - 14*c**2 + 50*c + 60. Let n be w(-17). Calculate the greatest common factor of n and 385.
77
Let v(w) = -w**3 + 21*w**2 + 261*w + 14. Let n be v(-9). Calculate the highest common factor of n and 25.
5
Suppose -120 = -3*l + l. Suppose 0 = -63*c + 61*c + 4. Suppose -128 = -3*d + 2*m, 2*d + m - 84 = c*m. What is the highest common factor of d and l?
20
Suppose -265 + 25 = -40*s. Let a be (4 - 12/9)*s. What is the greatest common divisor of a and 1?
1
Let m be (-16)/1088*-17*124. Calculate the greatest common divisor of 24955 and m.
31
Suppose 3*l = 6*l + 4*y - 16, 0 = 2*l - 4*y - 4. Let o = -42 - -45. Suppose -14*i + 352 = -o*i. Calculate the greatest common factor of i and l.
4
Let d(u) = 6*u + 16. Let h be d(-6). Suppose -5*i - 153 = -38. Let b = h - i. What is the greatest common divisor of 12 and b?
3
Let n(z) = -559*z + 19. Let v be n(-1). What is the greatest common factor of v and 8?
2
Let o be (2/(-100))/((-2)/10) + 131639/10. What is the greatest common divisor of o and 24?
12
Let v(z) = -2*z**2 + 61*z - 131. Let c be v(3). Calculate the greatest common factor of c and 646.
34
Let z(i) = -12*i + 40. Let f be z(2). Suppose 0 = -f*d + 11*d + 520. Let j(m) = -2*m + 5. Let g be j(-4). Calculate the greatest common factor of g and d.
13
Suppose 3*i - 3*s = 1258 + 2549, -3*s + 5111 = 4*i. Calculate the highest common factor of 1092 and i.
182
Let i(m) = 4*m**2 + 4*m + 25. Let w be i(0). Let k be w - (-4)/24*-6*1. Calculate the greatest common factor of 104 and k.
8
Suppose 0 = 5*x - 10, 2*g + 4*x - 842 = 4*g. Let p = -402 - g. Calculate the highest common divisor of 12 and p.
3
Suppose 3*g - 21 - 531 = 0. Calculate the highest common divisor of 874 and g.
46
Suppose -18*v - 12*v = -7*v - 20332. What is the highest common divisor of v and 204?
68
Let w be -2 + 0 + 20 + -28. Let q be -3*(860/3)/w. Calculate the highest common divisor of 215 and q.
43
Suppose 416 = 5*f + 11*u - 14*u, -u = -5*f + 412. Suppose 77*o - f*o + 1785 = 0. Calculate the greatest common factor of o and 102.
51
Suppose 58*c - 193*c + 1620 = 0. What is the greatest common divisor of c and 1548?
12
Suppose 3*j = 3, 4*a - 3*j - 421 = -0*j. Calculate the greatest common factor of a and 212.
106
Let k be (130/(-15))/(1/(-18)). Suppose 4*a = a + 3*f + k, -f - 164 = -3*a. Let w be 5/1*a/20. What is the greatest common divisor of 112 and w?
14
Suppose -34*s = -20*s - 1582. Suppose -105 = -s*m + 108*m. Suppose 9 = 3*h - 0. What is the greatest common divisor of h and m?
3
Let o(h) = h**3 - h**2 - h - 1. Let t be o(4). Suppose -20*s = -17*s + 15, -2*d + 4*s - 64 = 0. Let l = d + t. What is the highest common factor of l and 1?
1
Let q(p) = p - 21. Let x(o) = -o**3 + o**2 - 10. Let i be x(0). Let d be q(i). Let t = -3 - d. What is the highest common factor of 42 and t?
14
Let d(k) = k**2 - 47*k - 2317. Let z be d(-36). Calculate the greatest common factor of 183 and z.
61
Suppose 0 = 4*z - 9*z + 5*s + 800, 4*z - 636 = 5*s. Let p = -44 + z. What is the greatest common divisor of p and 45?
15
Let l(k) = k**2 - 4*k - 3. Let g be l(5). Let t = g + 0. Let s be (-80)/(-10) + (-576)/88 + (-144)/(-264). Calculate the greatest common factor of s and t.
2
Let q be (8/6)/(-2) + 86584/474. Calculate the highest common factor of q and 715.
13
Suppose 3707 = h + 5*y - 353, -24215 = -6*h - y. Calculate the greatest common factor of 150 and h.
15
Let u(f) be the third derivative of f**6/120 - f**5/6 - 13*f**3/6 - 66*f**2. Let g be u(11). Calculate the highest common divisor of 180 and g.
36
Let w(t) = 30*t**3 + t**3 + 6*t - 36*t**3 + t**2 - 1. Let g be w(-3). Calculate the highest common divisor of 50 and g.
25
Let j be 73/(((-11)/2 - -6)/4). Calculate the highest common factor of 8 and j.
8
Suppose -30*n + 11862 + 24039 + 24339 = 0. What is the greatest common divisor of n and 32?
8
Let p = 23 - -53. Let q = p + -73. Calculate the highest common divisor of 27 and q.
3
Let h(l) be the second derivative of 5*l**4/4 + l**3/6 + 3*l**2/2 - 61*l. Let n be h(-1). What is the greatest common factor of 187 and n?
17
Let a(y) = -7*y + 